{"id":3886,"date":"2015-08-20T23:34:47","date_gmt":"2015-08-20T23:34:47","guid":{"rendered":"http:\/\/www.baltazar.cl\/w3\/?page_id=3886"},"modified":"2015-08-20T23:34:47","modified_gmt":"2015-08-20T23:34:47","slug":"asistencia-en-viaje","status":"publish","type":"page","link":"https:\/\/www.baltazar.cl\/w3\/asistencia-en-viaje\/","title":{"rendered":"Asistencia en Viaje"},"content":{"rendered":"<p><strong>TRAVEL ACE<\/strong><\/p>\n<ul>\n<li>Producto de Asistencia y protecci\u00f3n para los viajeros Internacionales y Nacionales las 24 horas del d\u00eda, con distintos planes, pensados en satisfacer las necesidades de nuestros clientes.<\/li>\n<li>Fundamental para Empresas que piensan en la tranquilidad de sus ejecutivos.<\/li>\n<li>Fundamental para Agencias de Viajes que piensan en la seguridad de sus clientes.<\/li>\n<li>Con nuestra propia central de asistencia, con la capacidad que nuestro \u201cCall \u2013 Center\u201d brinda, servicios a empresas de todos los sectores empresarios, desarrollando distintos sistemas de telecomunicaci\u00f3n que se ajustan a la necesidad particular de cada empresa potenciando la relaci\u00f3n con sus clientes.<\/li>\n<li>Contamos con un Call Center equipado con la \u00faltima tecnolog\u00eda en\u00a0\u00a0\u00a0\u00a0\u00a0\u00a0 servicio y red global, dotado de personal multiling\u00fce para atender a nuestros clientes en su propio idioma las 24 hrs. los 365 d\u00edas del a\u00f1o.<\/li>\n<li>Respaldado por Travel Ace Assistance, empresa de seguros asistenciales con 25 a\u00f1os de existencia, presencia en 150 pa\u00edses, ofreciendo una red de m\u00e1s de 75.000 profesionales e instituciones de primer nivel en todo el mundo.<\/li>\n<\/ul>\n<p><strong>\u00bfPor qu\u00e9 Travel Ace?<\/strong><\/p>\n<p>La planificaci\u00f3n de un viaje puede llevar todo un a\u00f1o, pero un m\u00ednimo inconveniente puede arruinarlo todo.<br \/>\nEs imposible prever una tormenta que provoque el cierre de un aeropuerto, una emergencia m\u00e9dica o legal, pero es posible minimizar las consecuencias de lo que ese acontecimiento puede provocar en la planificaci\u00f3n de su itinerario.<\/p>\n<ul>\n<li>Cubre Urgencias por enfermedad o accidente v\/s\u00a0 un costo muy bajo.<\/li>\n<li>Puede haber alg\u00fan inconveniente antes de la partida y el pasajero debe cancelar su viaje por un imprevisto de fuerza mayor.<\/li>\n<li>Necesidad de seguridad debido al acontecer mundial.<\/li>\n<li>Porcentaje de p\u00e9rdidas de equipaje, dentro de las l\u00edneas A\u00e9reas.<\/li>\n<li>Porque la experiencia indica que en el extranjero algunas costumbres pueden ocasionar problemas, Ej. Alimentaci\u00f3n, clima e idiomas diferentes, etc.<\/li>\n<li>Porque lo que le sucede a otras personas tambi\u00e9n nos puede ocurrir.<\/li>\n<\/ul>\n<p>&nbsp;<\/p>\n<p><strong>Nuestros Planes<\/strong><\/p>\n<p>Existen diferentes alternativas de Planes, seg\u00fan necesidad de su viaje, ya sea por Turismo, familiar, negocios, etc. Contamos con alternativas de:<\/p>\n<ul>\n<li>Planes con Cobertura de Enfermedades PRE Existentes.<\/li>\n<li>Planes para el Adulto Mayor.<\/li>\n<li>Plan para Ejecutivos J\u00f3venes, que viajen por estudios.<\/li>\n<li>Plan para Ejecutivos que viajan por negocios.<\/li>\n<li>Plan para Pa\u00edses Lim\u00edtrofes.<\/li>\n<li>Plan para Turistas Individual o familiar<\/li>\n<li>Plan Nacional.<\/li>\n<\/ul>\n<p>&nbsp;<\/p>\n<p>&nbsp;<\/p>\n<p>&nbsp;<\/p>\n<p>&nbsp;<\/p>\n<p>&nbsp;<\/p>\n<p>&nbsp;<\/p>\n","protected":false},"excerpt":{"rendered":"<p>TRAVEL ACE Producto de Asistencia y protecci\u00f3n para los viajeros Internacionales y Nacionales las 24 horas del d\u00eda, con distintos planes, pensados en satisfacer las necesidades de nuestros clientes. Fundamental para Empresas que piensan en la tranquilidad de sus ejecutivos. Fundamental para Agencias de Viajes que [&hellip;]<\/p>\n","protected":false},"author":3,"featured_media":0,"parent":0,"menu_order":0,"comment_status":"open","ping_status":"open","template":"","meta":{"_bos_mb_destination":[],"footnotes":""},"class_list":["post-3886","page","type-page","status-publish","hentry"],"yoast_head":"<!-- This site is optimized with the Yoast SEO plugin v27.3 - https:\/\/yoast.com\/product\/yoast-seo-wordpress\/ -->\n<title>Asistencia en Viaje - Baltazar Agencia de turismo<\/title>\n<meta name=\"robots\" content=\"index, follow, max-snippet:-1, max-image-preview:large, max-video-preview:-1\" \/>\n<link rel=\"canonical\" href=\"https:\/\/www.baltazar.cl\/w3\/asistencia-en-viaje\/\" \/>\n<meta property=\"og:locale\" content=\"es_ES\" \/>\n<meta property=\"og:type\" content=\"article\" \/>\n<meta property=\"og:title\" content=\"Asistencia en Viaje - Baltazar Agencia de turismo\" \/>\n<meta property=\"og:description\" content=\"TRAVEL ACE Producto de Asistencia y protecci\u00f3n para los viajeros Internacionales y Nacionales las 24 horas del d\u00eda, con distintos planes, pensados en satisfacer las necesidades de nuestros clientes. Fundamental para Empresas que piensan en la tranquilidad de sus ejecutivos. Fundamental para Agencias de Viajes que [&hellip;]\" \/>\n<meta property=\"og:url\" content=\"https:\/\/www.baltazar.cl\/w3\/asistencia-en-viaje\/\" \/>\n<meta property=\"og:site_name\" content=\"Baltazar Agencia de turismo\" \/>\n<meta name=\"twitter:card\" content=\"summary_large_image\" \/>\n<meta name=\"twitter:label1\" content=\"Tiempo de lectura\" \/>\n\t<meta name=\"twitter:data1\" content=\"2 minutos\" \/>\n<script type=\"application\/ld+json\" class=\"yoast-schema-graph\">{\"@context\":\"https:\\\/\\\/schema.org\",\"@graph\":[{\"@type\":\"WebPage\",\"@id\":\"https:\\\/\\\/www.baltazar.cl\\\/w3\\\/asistencia-en-viaje\\\/\",\"url\":\"https:\\\/\\\/www.baltazar.cl\\\/w3\\\/asistencia-en-viaje\\\/\",\"name\":\"Asistencia en Viaje - Baltazar Agencia de turismo\",\"isPartOf\":{\"@id\":\"https:\\\/\\\/www.baltazar.cl\\\/w3\\\/#website\"},\"datePublished\":\"2015-08-20T23:34:47+00:00\",\"breadcrumb\":{\"@id\":\"https:\\\/\\\/www.baltazar.cl\\\/w3\\\/asistencia-en-viaje\\\/#breadcrumb\"},\"inLanguage\":\"es\",\"potentialAction\":[{\"@type\":\"ReadAction\",\"target\":[\"https:\\\/\\\/www.baltazar.cl\\\/w3\\\/asistencia-en-viaje\\\/\"]}]},{\"@type\":\"BreadcrumbList\",\"@id\":\"https:\\\/\\\/www.baltazar.cl\\\/w3\\\/asistencia-en-viaje\\\/#breadcrumb\",\"itemListElement\":[{\"@type\":\"ListItem\",\"position\":1,\"name\":\"Portada\",\"item\":\"https:\\\/\\\/www.baltazar.cl\\\/w3\\\/\"},{\"@type\":\"ListItem\",\"position\":2,\"name\":\"Asistencia en Viaje\"}]},{\"@type\":\"WebSite\",\"@id\":\"https:\\\/\\\/www.baltazar.cl\\\/w3\\\/#website\",\"url\":\"https:\\\/\\\/www.baltazar.cl\\\/w3\\\/\",\"name\":\"Baltazar Agencia de turismo\",\"description\":\"Agencia de turismo\",\"potentialAction\":[{\"@type\":\"SearchAction\",\"target\":{\"@type\":\"EntryPoint\",\"urlTemplate\":\"https:\\\/\\\/www.baltazar.cl\\\/w3\\\/?s={search_term_string}\"},\"query-input\":{\"@type\":\"PropertyValueSpecification\",\"valueRequired\":true,\"valueName\":\"search_term_string\"}}],\"inLanguage\":\"es\"}]}<\/script>\n<!-- \/ Yoast SEO plugin. -->","yoast_head_json":{"title":"Asistencia en Viaje - Baltazar Agencia de turismo","robots":{"index":"index","follow":"follow","max-snippet":"max-snippet:-1","max-image-preview":"max-image-preview:large","max-video-preview":"max-video-preview:-1"},"canonical":"https:\/\/www.baltazar.cl\/w3\/asistencia-en-viaje\/","og_locale":"es_ES","og_type":"article","og_title":"Asistencia en Viaje - Baltazar Agencia de turismo","og_description":"TRAVEL ACE Producto de Asistencia y protecci\u00f3n para los viajeros Internacionales y Nacionales las 24 horas del d\u00eda, con distintos planes, pensados en satisfacer las necesidades de nuestros clientes. Fundamental para Empresas que piensan en la tranquilidad de sus ejecutivos. Fundamental para Agencias de Viajes que [&hellip;]","og_url":"https:\/\/www.baltazar.cl\/w3\/asistencia-en-viaje\/","og_site_name":"Baltazar Agencia de turismo","twitter_card":"summary_large_image","twitter_misc":{"Tiempo de lectura":"2 minutos"},"schema":{"@context":"https:\/\/schema.org","@graph":[{"@type":"WebPage","@id":"https:\/\/www.baltazar.cl\/w3\/asistencia-en-viaje\/","url":"https:\/\/www.baltazar.cl\/w3\/asistencia-en-viaje\/","name":"Asistencia en Viaje - Baltazar Agencia de turismo","isPartOf":{"@id":"https:\/\/www.baltazar.cl\/w3\/#website"},"datePublished":"2015-08-20T23:34:47+00:00","breadcrumb":{"@id":"https:\/\/www.baltazar.cl\/w3\/asistencia-en-viaje\/#breadcrumb"},"inLanguage":"es","potentialAction":[{"@type":"ReadAction","target":["https:\/\/www.baltazar.cl\/w3\/asistencia-en-viaje\/"]}]},{"@type":"BreadcrumbList","@id":"https:\/\/www.baltazar.cl\/w3\/asistencia-en-viaje\/#breadcrumb","itemListElement":[{"@type":"ListItem","position":1,"name":"Portada","item":"https:\/\/www.baltazar.cl\/w3\/"},{"@type":"ListItem","position":2,"name":"Asistencia en Viaje"}]},{"@type":"WebSite","@id":"https:\/\/www.baltazar.cl\/w3\/#website","url":"https:\/\/www.baltazar.cl\/w3\/","name":"Baltazar Agencia de turismo","description":"Agencia de turismo","potentialAction":[{"@type":"SearchAction","target":{"@type":"EntryPoint","urlTemplate":"https:\/\/www.baltazar.cl\/w3\/?s={search_term_string}"},"query-input":{"@type":"PropertyValueSpecification","valueRequired":true,"valueName":"search_term_string"}}],"inLanguage":"es"}]}},"_links":{"self":[{"href":"https:\/\/www.baltazar.cl\/w3\/wp-json\/wp\/v2\/pages\/3886","targetHints":{"allow":["GET"]}}],"collection":[{"href":"https:\/\/www.baltazar.cl\/w3\/wp-json\/wp\/v2\/pages"}],"about":[{"href":"https:\/\/www.baltazar.cl\/w3\/wp-json\/wp\/v2\/types\/page"}],"author":[{"embeddable":true,"href":"https:\/\/www.baltazar.cl\/w3\/wp-json\/wp\/v2\/users\/3"}],"replies":[{"embeddable":true,"href":"https:\/\/www.baltazar.cl\/w3\/wp-json\/wp\/v2\/comments?post=3886"}],"version-history":[{"count":2,"href":"https:\/\/www.baltazar.cl\/w3\/wp-json\/wp\/v2\/pages\/3886\/revisions"}],"predecessor-version":[{"id":4148,"href":"https:\/\/www.baltazar.cl\/w3\/wp-json\/wp\/v2\/pages\/3886\/revisions\/4148"}],"wp:attachment":[{"href":"https:\/\/www.baltazar.cl\/w3\/wp-json\/wp\/v2\/media?parent=3886"}],"curies":[{"name":"wp","href":"https:\/\/api.w.org\/{rel}","templated":true}]}}